{"id":842,"date":"2021-12-11T18:32:57","date_gmt":"2021-12-11T15:32:57","guid":{"rendered":"http:\/\/venussigorta.com\/?page_id=842"},"modified":"2022-01-15T11:15:23","modified_gmt":"2022-01-15T08:15:23","slug":"kurumsal","status":"publish","type":"page","link":"https:\/\/venussigorta.com\/?page_id=842","title":{"rendered":"Kurumsal Sigorta"},"content":{"rendered":"<p>[vc_row][vc_column][vc_empty_space][vc_empty_space][vc_empty_space][vc_custom_heading text=&#8221;Her sekt\u00f6r\u00fcn kendine \u00f6zg\u00fc riskleri ve dinamikleri oldu\u011funu biliyoruz. Bilmedi\u011fimiz bir sekt\u00f6r veya alanda da risklere hakim olabilmek i\u00e7in \u00f6\u011frenmek ve anlayabilmek ad\u0131na gerekli \u00e7abay\u0131 g\u00f6steriyoruz. Bu sebeple kurumsal sigortalardaki en \u00f6nemli konu sizlerle birlikte \u015firketinizin sekt\u00f6r\u00fcn\u00fc ve risklerini do\u011fru analiz ederek, \u015firketinize teminat verebilecek en do\u011fru sigorta \u015firketini, sadece \u015firketinize \u00f6zel yaz\u0131lm\u0131\u015f bir kapsamla sizlere sunuyoruz. K\u0131sacas\u0131 bizden bir kurumsal poli\u00e7e ald\u0131\u011f\u0131n\u0131zda i\u00e7indeki kapsam, sadece size \u00f6zel olarak haz\u0131rlanm\u0131\u015f, standartta bulamayaca\u011f\u0131n\u0131z bir teminat yap\u0131s\u0131na sahip olacak. Belki sizlere en ucuz fiyat\u0131 verebilece\u011fimizi garanti edemeyiz ama sadece size ve risklerinize \u00f6zel bir kapsam verebilece\u011fimizi bilmenizi isteriz.&#8221; font_container=&#8221;tag:p|text_align:center&#8221; google_fonts=&#8221;font_family:Montserrat%3Aregular%2C700|font_style:400%20regular%3A400%3Anormal&#8221;][vc_empty_space][\/vc_column][\/vc_row][vc_row][vc_column width=&#8221;1\/5&#8243;]<div class=\"icon-m icon-m--style-2\"><div class=\"icon-m__header\"><div class=\"icon-m__media\" style=\"color:#dd3333;background-color:#ffffff;\"><i class=\"fas fa-industry\"><\/i><\/div><\/div><\/div>[vc_custom_heading text=&#8221;End\u00fcstriyel Paket Sigortalar&#8221; font_container=&#8221;tag:h2|text_align:center&#8221; google_fonts=&#8221;font_family:Montserrat%3Aregular%2C700|font_style:700%20bold%20regular%3A700%3Anormal&#8221;][vc_empty_space height=&#8221;10px&#8221;][\/vc_column][vc_column width=&#8221;1\/5&#8243;]<div class=\"icon-m icon-m--style-2\"><div class=\"icon-m__header\"><div class=\"icon-m__media\" style=\"color:#dd3333;background-color:#ffffff;\"><i class=\"fas fa-chart-line\"><\/i><\/div><\/div><\/div>[vc_custom_heading text=&#8221;Siber Risk Sigortalar\u0131&#8221; font_container=&#8221;tag:h2|text_align:center&#8221; google_fonts=&#8221;font_family:Montserrat%3Aregular%2C700|font_style:700%20bold%20regular%3A700%3Anormal&#8221;][vc_empty_space height=&#8221;10px&#8221;][vc_empty_space height=&#8221;16px&#8221;][\/vc_column][vc_column width=&#8221;1\/5&#8243;]<div class=\"icon-m icon-m--style-2\"><div class=\"icon-m__header\"><div class=\"icon-m__media\" style=\"color:#dd3333;background-color:#ffffff;\"><i class=\"fas fa-handshake\"><\/i><\/div><\/div><\/div>[vc_custom_heading text=&#8221;Y\u00f6netici Sorumluluk Sigortalar\u0131&#8221; font_container=&#8221;tag:h2|text_align:center&#8221; google_fonts=&#8221;font_family:Montserrat%3Aregular%2C700|font_style:700%20bold%20regular%3A700%3Anormal&#8221;][vc_empty_space height=&#8221;10px&#8221;][\/vc_column][vc_column width=&#8221;1\/5&#8243;]<div class=\"icon-m icon-m--style-2\"><div class=\"icon-m__header\"><div class=\"icon-m__media\" style=\"color:#dd3333;background-color:#ffffff;\"><i class=\"fas fa-pencil-ruler\"><\/i><\/div><\/div><\/div>[vc_custom_heading text=&#8221;Mesleki Sorumluluk Sigortalar\u0131&#8221; font_container=&#8221;tag:h2|text_align:center&#8221; google_fonts=&#8221;font_family:Montserrat%3Aregular%2C700|font_style:700%20bold%20regular%3A700%3Anormal&#8221;][vc_empty_space height=&#8221;10px&#8221;][\/vc_column][vc_column width=&#8221;1\/5&#8243;]<div class=\"icon-m icon-m--style-2\"><div class=\"icon-m__header\"><div class=\"icon-m__media\" style=\"color:#dd3333;background-color:#ffffff;\"><i class=\"fas fa-users\"><\/i><\/div><\/div><\/div>[vc_custom_heading text=&#8221;Grup Sa\u011fl\u0131k Sigortalar\u0131&#8221; font_container=&#8221;tag:h2|text_align:center&#8221; google_fonts=&#8221;font_family:Montserrat%3Aregular%2C700|font_style:700%20bold%20regular%3A700%3Anormal&#8221;][vc_empty_space height=&#8221;10px&#8221;][vc_empty_space height=&#8221;16px&#8221;][\/vc_column][\/vc_row][vc_row][vc_column width=&#8221;1\/4&#8243;][\/vc_column][vc_column width=&#8221;1\/2&#8243;][vc_empty_space][vc_btn title=&#8221;TEKL\u0130F AL&#8221; color=&#8221;juicy-pink&#8221; size=&#8221;sm&#8221; align=&#8221;center&#8221; button_block=&#8221;true&#8221; link=&#8221;url:http%3A%2F%2Fvenussigorta.com%2F%3Fpage_id%3D873&#8243;][\/vc_column][vc_column width=&#8221;1\/4&#8243;][\/vc_column][\/vc_row]<\/p>\n","protected":false},"excerpt":{"rendered":"<p>[vc_row][vc_column][vc_empty_space][vc_empty_space][vc_empty_space][vc_custom_heading text=&#8221;Her sekt\u00f6r\u00fcn kendine \u00f6zg\u00fc riskleri ve dinamikleri oldu\u011funu biliyoruz. Bilmedi\u011fimiz bir sekt\u00f6r veya alanda da risklere hakim olabilmek i\u00e7in \u00f6\u011frenmek ve anlayabilmek ad\u0131na gerekli \u00e7abay\u0131 g\u00f6steriyoruz. Bu sebeple kurumsal sigortalardaki en \u00f6nemli konu sizlerle birlikte \u015firketinizin sekt\u00f6r\u00fcn\u00fc ve risklerini&#8230;<\/p>\n","protected":false},"author":1,"featured_media":0,"parent":0,"menu_order":0,"comment_status":"closed","ping_status":"closed","template":"","meta":{"footnotes":""},"class_list":["post-842","page","type-page","status-publish","hentry"],"_links":{"self":[{"href":"https:\/\/venussigorta.com\/index.php?rest_route=\/wp\/v2\/pages\/842","targetHints":{"allow":["GET"]}}],"collection":[{"href":"https:\/\/venussigorta.com\/index.php?rest_route=\/wp\/v2\/pages"}],"about":[{"href":"https:\/\/venussigorta.com\/index.php?rest_route=\/wp\/v2\/types\/page"}],"author":[{"embeddable":true,"href":"https:\/\/venussigorta.com\/index.php?rest_route=\/wp\/v2\/users\/1"}],"replies":[{"embeddable":true,"href":"https:\/\/venussigorta.com\/index.php?rest_route=%2Fwp%2Fv2%2Fcomments&post=842"}],"version-history":[{"count":96,"href":"https:\/\/venussigorta.com\/index.php?rest_route=\/wp\/v2\/pages\/842\/revisions"}],"predecessor-version":[{"id":1120,"href":"https:\/\/venussigorta.com\/index.php?rest_route=\/wp\/v2\/pages\/842\/revisions\/1120"}],"wp:attachment":[{"href":"https:\/\/venussigorta.com\/index.php?rest_route=%2Fwp%2Fv2%2Fmedia&parent=842"}],"curies":[{"name":"wp","href":"https:\/\/api.w.org\/{rel}","templated":true}]}}